e x(1). What is the greatest common divisor of 363 and g?
11
Let i = -513 + 887. Let w be 3*1/15 + 6315/(-75). Let n = -50 - w. What is the highest common divisor of i and n?
34
Suppose -32*s + 2180 = -1468. Suppose -d + s = -5*u, -5*d + u - 4*u + 486 = 0. Calculate the greatest common factor of 36 and d.
9
Let h be 7/(5 + (-23)/6). Let t be (-4)/h - (-1105)/51. Calculate the highest common divisor of t and 231.
21
Let c(x) = -282*x + 4350. Let w be c(15). Let p = -554 - -824. Calculate the greatest common factor of p and w.
30
Suppose 0 = -41*o - 2694 + 3104. What is the greatest common divisor of 2260 and o?
10
Let k = 419 + -244. Suppose 1001*l + 151 + 157 = 1045*l. What is the highest common divisor of k and l?
7
Let y = -301 - -866. Let z = y - 394. Let r(o) = -24*o - 567. Let q be r(-24). What is the greatest common factor of q and z?
9
Suppose -2*j + 5*o - 8 = 0, -20 = 7897*j - 7899*j - 2*o. Let u = -275 + 389. Calculate the greatest common divisor of u and j.
6
Let p = -30 - -106. Suppose y = p + 4. Let g be (6*(-8)/60)/(2/(-80)). Calculate the highest common divisor of y and g.
16
Suppose 5*w = -3*y + 635, -50 = -4*w - 58. Calculate the highest common factor of 1247 and y.
43
Let d = -30381 + 63341. What is the highest common factor of d and 320?
320
Suppose 4*o = 4*j - 148, 3*j - o - 50 - 53 = 0. Let w(z) = 3*z + 165. Let g be w(0). Calculate the greatest common factor of g and j.
33
Suppose 12*b - 44 = 184. Suppose 18*n + 15 = b*n. Suppose 3*h + 21 = 4*a, h + 23 = 4*a - 0*h. Calculate the greatest common factor of a and n.
3
Let l(x) = 10*x**2 + 2*x - 24. Let z be l(-5). Let c be (-105)/(-12) - (-2 - 14/(-8)). What is the highest common factor of z and c?
9
Let v(c) = 8*c + 1376. Let k be v(-45). Calculate the greatest common factor of k and 635.
127
Suppose 427 = 5*p - 613. Suppose 4*t + 44 - p = k, 0 = -5*t + 3*k + 212. Suppose 561 + 69 = 59*a + 40. What is the highest common divisor of a and t?
10
Let y = -3280 - -3616. Calculate the greatest common divisor of 48 and y.
48
Let p = 2760 - 2730. Calculate the greatest common divisor of p and 670.
10
Suppose 4*j + 2*g - 4 - 20 = 0, -4*g - 40 = -3*j. Suppose 0 = 7*h - r - 1078, 42*h + 4*r - 248 = 40*h. Calculate the greatest common factor of h and j.
8
Let r = 155 - 145. Suppose p + 2*v - 103 = 6*v, -p + 5*v = -100. Let d = -75 + p. What is the greatest common divisor of r and d?
10
Suppose 379 = 44*l - 1134 - 1215. What is the highest common divisor of 7223 and l?
31
Suppose 5*y - 363*n + 366*n - 627 = 0, -2*y = 5*n - 285. Suppose 5*s - 130 = -10. What is the greatest common factor of s and y?
24
Let u(o) = 239*o**2 - 231*o + 12. Let a be u(-4). What is the greatest common factor of 308 and a?
28
Suppose 31*b + 5466 = -8*b + 341880. Calculate the greatest common factor of b and 152.
38
Suppose -4*n + 6*n = 4. Let c be (-230)/30 + (-4)/3 + n. Let g = 58 + c. Calculate the greatest common divisor of 17 and g.
17
Let p(k) = -28*k - 16*k + 13 - 42*k. Let l be p(-1). Calculate the highest common factor of l and 132.
33
Suppose -a + 4 = 0, 184 = 5*w - w + 5*a. Let l = w + -36. Suppose -i - c + 16 = 0, l*i - c = 25 + 55. Calculate the highest common factor of 12 and i.
4
Let p = -281 + 113. Let y = -166 - p. Let u = 20 - 6. What is the greatest common factor of y and u?
2
Suppose 6 = 3*b - i + 2*i, 0 = -4*b + 2*i + 8. Suppose 0*l - 367 = -b*m + 5*l, -4*l - 362 = -2*m. What is the highest common factor of m and 95?
19
Let k(l) = 225*l**2 + 13*l. Let c be k(1). Calculate the greatest common factor of 527 and c.
17
Suppose 23*w + 121 = 24*w - i, -5*w - 2*i = -640. Calculate the highest common factor of w and 4194.
18
Let s be 65/10*(0 - 1)*-2. Suppose -3*p + 630 = 3*u, 2*p - 10*u = -9*u + 414. What is the greatest common factor of p and s?
13
Suppose -b + 5*t = -27, -4*b - 4*t + 18 = -162. Let j be (-3 - 0) + 42/(-2). Let s = j + b. What is the greatest common divisor of s and 198?
18
Let s be 1*(-2)/4*(-420)/7. Suppose 27 = 2*m + 3*p, -4*m + 35*p - 1 = s*p. Calculate the highest common divisor of 57 and m.
3
Let v = 25 + -27. Let o be (-3)/v*(-7)/3*-12. Suppose t + 2*j = -0*t + o, 8 = 4*j. What is the greatest common factor of 114 and t?
38
Let p(r) = -4*r**2 + 64*r + 2892. Let h be p(36). Suppose -z - 2*z = -180. What is the greatest common factor of z and h?
12
Let o be (-3 + 16/1)*(-3)/(-39). Let i be (o + 22/10)*10. Suppose 2*a - 19 = 13. Calculate the greatest common factor of i and a.
16
Let o = -2145 + 2107. Suppose -138 = -k - 4686. Let q be k/(-114) - 4/o. Calculate the highest common factor of q and 16.
8
Let p be 211 + (7 - 10) + 8. Suppose -14 = -2*i + 58. Calculate the greatest common factor of p and i.
36
Suppose 6318 = 3*o - 3*w, 5*o - 15910 = 3*w - 5380. Calculate the greatest common factor of o and 312.
78
Let o = 83 + -314. Let i = -55 - o. Calculate the greatest common divisor of 2 and i.
2
Suppose 5*p - 157 = -3*j, 18*p - 22*p + 161 = 3*j. Calculate the greatest common factor of j and 2.
1
Let r = -3 - -8. Let w = r - -2. Let i(s) = -s**3 - 43*s**2 - 40*s + 161. Let p be i(-42). Calculate the greatest common divisor of p and w.
7
Let f be 53/1 - 1/1. Let n be -1 + 1 + 884/34. Calculate the greatest common divisor of f and n.
26
Suppose -4*w - 262 = -2*k, -3*k + 622 = w + 257. Calculate the greatest common factor of k and 2788.
41
Let f(i) = i**2 - 10*i + 1. Let k be f(9). Let d be 2*4*2/k*-7. Let a(b) = 2*b**2 - 7*b - 7. Let h be a(7). Calculate the highest common divisor of d and h.
14
Suppose -t = -10*v + 8*v + 1297, 4*v = 3*t + 2595. Calculate the highest common divisor of v and 405.
81
Let z be (-8 - 5122/(-65))/(-2 - 669/(-330)). Calculate the highest common divisor of z and 44.
44
Suppose -57*u - 1632 = 62*u - 127*u. Calculate the greatest common divisor of 17238 and u.
102
Suppose -24 = -3*x, 2662*f + 2*x = 2660*f + 954. Calculate the highest common divisor of f and 1675.
67
Let p(j) = 14*j**2 + 47*j + 877. Let c be p(-11). Calculate the greatest common factor of 234 and c.
26
Let h = -4234 + 4349. What is the highest common factor of 55 and h?
5
Suppose -47*n = -56*n - 18. Let q be 12/(-8) - 39/n*1. What is the greatest common factor of 198 and q?
18
Let t be (-1)/(-1)*5 + -3. Let u be (436/(-8) - (-2 - t))*-2. Let p = 108 - u. What is the highest common factor of 63 and p?
7
Suppose 11936 - 4208 = 23*a. Let c = a - 319. Calculate the highest common factor of 289 and c.
17
Let c be ((-7)/((-112)/24))/(4/(1088/2)). Calculate the highest common divisor of c and 663.
51
Let m(z) = 10*z + 63. Let c be m(-5). Let i be (-32)/12*(-9)/6*c. Calculate the highest common divisor of 416 and i.
52
Suppose -1055 = -3*p + 5*v, -2*p + 526 + 180 = -4*v. Suppose 9*r - 12*r - 2*t = -41, -2 = t. Calculate the highest common divisor of p and r.
15
Let q(j) = -2*j**3 - 6*j**2 + 2*j + 6. Let f be q(-5). Suppose -35*c + 61*c + 3348 = 57*c. What is the highest common divisor of c and f?
12
Suppose -2*i = 4*t - 1076, 5*i + 5 = -5. Let n = 10 + t. Suppose 3*j - 173 = -5*u, -4*u + 145 = -2*j + 253. What is the greatest common factor of j and n?
56
Suppose -35*k + 9*k - 7774 = 0. Let t = k - -332. What is the highest common divisor of t and 759?
33
Let z = 341776 - 341766. Let i be (-88)/(-6) - 2/(-6). Calculate the highest common divisor of z and i.
5
Let u be 72*-1*14/(-6). Suppose l - 6*k - 672 = 0, 275*l - 281*l - k + 3514 = 0. What is the highest common factor of l and u?
84
Suppose -13 + 18 = 5*y. Let b be (-7*y)/(7/(-7)). Let n(i) = 2*i - 3. Let r be n(b). What is the greatest common factor of r and 77?
11
Let y(q) = -q**3 - 17*q**2 - 38*q + 20. Let m be y(-16). What is the highest common divisor of 1612 and m?
124
Suppose -3*y + 1 + 11 = 0. Suppose y*x - 8*x + 3289 = 5*w, 3310 = 4*x - 2*w. What is the highest common divisor of 14 and x?
14
Let o be 2/(-12) + 403/186. Suppose 0 = r - o*x - 40, 194 = 4*r + 5*x - 31. What is the highest common divisor of r and 170?
10
Suppose 2*h + k = -3*h + 3634, 2*h - k - 1462 = 0. Calculate the highest common factor of h and 91.
91
Let k = -8788 - -9169. Calculate the highest common divisor of k and 5.
1
Let f = 5347 + -5244. What is the greatest common divisor of f and 2575?
103
Suppose k = -2*v + 26, 2*v + 4*k + 1 - 27 = 0. Let m be -3 + 15 + 